 tens digit of d?
6
Suppose 63*g - 7100 = -2*x + 61*g, -2*x - g = -7095. What is the thousands digit of x?
3
Let v be ((28/10)/(-7))/(4/(-1680)). Let l = v + 99. What is the units digit of l?
7
Suppose t + z + 14 = 2*t, -54 = -4*t + 3*z. Suppose -v - t = -10. Let k(q) = -38*q - 3. What is the units digit of k(v)?
3
Let q(a) = 3*a - 31. Suppose -3*p + 50 - 23 = 0. Let o be q(p). Let g(z) = -5*z**3 - 10*z**2 - 4*z. What is the hundreds digit of g(o)?
1
Let y = -6556 + 13193. What is the units digit of y?
7
Suppose 2*z + 5*v - 20606 = 22726, 0 = -5*z + v + 108330. What is the units digit of z?
6
Let m(w) = 176*w**2 - 74*w + 22. What is the thousands digit of m(6)?
5
Let a(l) = -4*l**2 - 355*l + 2. What is the thousands digit of a(-61)?
6
Let z = -675 - -676. What is the tens digit of 12/(-24)*(z + -167)?
8
Let t = 24082 + -12403. What is the units digit of t?
9
Let g = -66 + 282. Suppose g = q - 300. What is the tens digit of q?
1
Suppose -141*t + 1754620 + 5497715 = 0. What is the ten thousands digit of t?
5
Let b = -11 - -15. Let i(k) = -17*k - 63. Let s be i(-11). Suppose -b*l + 588 = s. What is the tens digit of l?
1
Let c(f) be the second derivative of f**4/12 + 13*f**3/6 + 24*f**2 + 5*f. Let l be c(-20). Let t = 300 - l. What is the tens digit of t?
1
Let a = -57893 + 94458. What is the ten thousands digit of a?
3
Let x be 207/6*(4 + (-370)/(-15)). Suppose d + 2*f = x, -d - 3*f + 48 = -944. What is the hundreds digit of d?
9
Let r(p) = p**2 - 22*p + 10. Let v be r(17). Let t = v - -247. What is the tens digit of t?
7
Suppose 25372 = 4*g - 121*w + 117*w, -5*g - 2*w = -31743. What is the hundreds digit of g?
3
Let g(s) = -12*s + 24. Let z be g(6). Let p be (14/4)/(6/z*-4). Suppose p*h + 457 = 2459. What is the tens digit of h?
8
What is the thousands digit of ((-3764)/10)/((-161)/4025)?
9
What is the thousands digit of 252/(-819) + 123100/52?
2
Suppose 154*x - 182478 = 599226. What is the thousands digit of x?
5
Suppose -11*n + 13*n - 3932 = 0. Suppose n = 7*y + 181. What is the units digit of y?
5
Suppose 215 = -5*o + 5*l, 3*o - l - 22 + 143 = 0. Let c be ((-18)/4)/(o/12 - -4). What is the hundreds digit of (4/c)/(14/(-4809))?
2
Suppose 0 = 2*b - 3*l + 1131 - 4400, -3*l - 6541 = -4*b. Suppose -4*o - 4*h + b = 0, -3*o + 8*h - 3*h + 1211 = 0. What is the hundreds digit of o?
4
Let m = 21268 - 12532. Suppose 20*j - m = 4*j. What is the tens digit of j?
4
Let x(r) = 22*r**3 + 4*r**2 - 9*r - 13. Let j be x(5). Suppose -2*a = -3*c + 2098, 0 = 9*c - 13*c + 4*a + j. What is the tens digit of c?
0
Suppose -s + 2*s - 5*s + 27964 = 0. What is the thousands digit of s?
6
Let f(o) = -108*o - 238. What is the tens digit of f(-11)?
5
Let q be 161/21 - (-1)/3. Suppose -q*m + 40 = -360. Suppose -496 = 46*v - m*v. What is the hundreds digit of v?
1
Let d = 44 + -21. Let t = d - 23. Suppose t = 5*s + 7 - 267. What is the units digit of s?
2
Suppose 9*u = -5*u + 5432. Suppose -y - 184 - 200 = -5*l, -5*l + u = -2*y. What is the tens digit of l?
7
Let c(u) = -11*u + 143. Let k be c(13). Suppose -4*z + 310 + 178 = k. What is the tens digit of z?
2
Suppose -11*l + 20309 = -3242. Suppose 15*y - 8846 = -l. What is the units digit of y?
7
Let y = 23369 + -8794. What is the ten thousands digit of y?
1
Let v = -16 - -20. Suppose 0 = v*u + 3*h - 360, 5*h + 355 = 3*u + 56. Suppose -3*n + u = -123. What is the units digit of n?
2
Suppose -3 = 3*x, -g = 3*x - 4*x + 40. Suppose -13*r - 994 = -6*r. Let z = g - r. What is the hundreds digit of z?
1
Let p = 26665 + -9727. What is the hundreds digit of p?
9
Suppose 2*b - 9*r = 15752, -11*b - 23591 = -14*b - 5*r. What is the units digit of b?
7
Suppose -m + 9430 = 5*c + 2903, m + 4*c - 6522 = 0. What is the units digit of m?
2
Let x(t) = 7*t**3 - 6*t**2 + 22*t + 32. Let d(z) = 5*z**3 - 7*z**2 + 21*z + 31. Let f(y) = 4*d(y) - 3*x(y). What is the hundreds digit of f(-13)?
3
Let l be 1*2/5 + (-279)/(-15). Let a = l - 9. Let c = a - -66. What is the units digit of c?
6
Let d(q) = 416*q**2 - 68*q + 267. What is the units digit of d(4)?
1
Suppose 36*x + 6 - 186 = 0. Suppose 5*n + 5*p - 5190 = 0, x*p = -2*n + 901 + 1166. What is the units digit of n?
1
Let l = 1839 - 473. What is the tens digit of l/5 + (-5 - (-203)/35)?
7
Suppose -5*d = -59 - 131. Let b = 38 - d. Suppose 2*f - 5*x - 120 = b, 5*x + 170 = 3*f - 0*f. What is the units digit of f?
0
Suppose -2*l = 4*g - 754, 6*l + 1849 = 11*l + g. Suppose -12*y + 11*y = -l. What is the hundreds digit of y?
3
Let w be ((-351)/(-52) + -9)/((-3)/(-464)). What is the hundreds digit of 55*11/((-330)/w)?
6
Let h be ((-20)/8 - -3)*6. Suppose -4*n = 2*k + 146, -h*n + 38 = -4*n - k. What is the units digit of 338/4 - (n/(-7))/10?
4
Suppose 0 = 4*i - 16 - 8. Suppose 5*b - 4019 = -5*m - 1534, 2*m - 1006 = 2*b. What is the units digit of (i/(-5))/((-4)/m)?
0
Suppose -103*f + 1851964 = 39*f. What is the ten thousands digit of f?
1
Let u(w) = -4068*w - 1451. What is the thousands digit of u(-5)?
8
Suppose 0 = -4*y - 0*y + 8*y - 123452. What is the ten thousands digit of y?
3
Let p(x) be the second derivative of -3*x - 1/20*x**5 + 0 + 2*x**2 - 1/12*x**4 + 17/6*x**3. What is the units digit of p(-6)?
2
Suppose t - 3866 = -2*k, -t + 0*k + 2*k = -3846. What is the hundreds digit of t?
8
Let x(s) = -s**3 + 2*s**2 + 17. Suppose -3*t + 0*t + 29 = f, 0 = 2*f - t - 65. Let w = f - 32. What is the tens digit of x(w)?
1
Suppose 0*h = -7*h + 140. Let v be 1 + (-29)/(h/(-6) + 3). Suppose -5*x + 4*u + 164 = -38, -2*u + v = 2*x. What is the units digit of x?
2
Let k(j) = 10*j - 9. Let o be k(2). Suppose 0 = o*l - 31*l + 12860. What is the hundreds digit of l?
6
Let s = -14537 - -18130. What is the hundreds digit of s?
5
What is the thousands digit of (9 - -1) + -10 + (31 - -2663)?
2
Let t = 740 - 284. Let d be 21/(147/70) - -307. Let c = t - d. What is the hundreds digit of c?
1
Let j(z) = 4*z + 2. Let t be j(0). Suppose 3*r = t*r + 4*a + 159, -4*a + 378 = 2*r. What is the units digit of r?
9
Let f = -75 + 108. Suppose -224 = -37*o + f*o. Let r = -23 + o. What is the tens digit of r?
3
Let w = 44 + -34. Let n be (4/(-6))/(w/(-45)). Suppose -n*h - 2*q = 2*q - 13, 0 = h - 5*q - 36. What is the units digit of h?
1
Suppose 5*o - 2726 = -f + 3949, -3*f = o - 19941. What is the hundreds digit of f?
6
Let g be (8/6)/(7/(-210)). Let j be (3/(-6))/(4/g). Suppose j*v + 25 = 0, d - 4*d - v = -364. What is the tens digit of d?
2
What is the tens digit of ((-4)/(-10) - 468/(-5))*(338 - 182)?
6
Suppose -3*c = 2*n + 6 - 2, c = -5*n - 23. Let v be (-11)/(-4) - (n - (-38)/8). Suppose -v*d + 427 = 7. What is the tens digit of d?
4
Let n(d) = -34*d + 7. Let m(c) = -c**2 - c + 1. Suppose k + i + 1 = -2, i + 13 = 4*k. Let q be m(k). What is the tens digit of n(q)?
7
Suppose 0*p - 6*p = -6. Let b be (-2 + 2)/(1/p). Suppose -3*k + 120 = -b*k. What is the units digit of k?
0
Let b = -202 + 210. Suppose b*a - 915 = 813. What is the tens digit of a?
1
Let c(x) = x**2 - 16*x + 30. Let o be c(14). Suppose -19 + 307 = o*w - 4*g, 0 = -w + 5*g + 138. What is the tens digit of w?
4
Let s = 10403 + 11235. What is the thousands digit of s?
1
Let i(c) be the second derivative of -c**3/6 + 118*c**2 - 22*c. What is the hundreds digit of i(0)?
2
Suppose -2*r + 5*v + 19 = 0, v = r + 4*v + 18. Let f(h) = 3*h**3 - 4*h**3 + 3*h + h**2 + 4 - 3*h**2. What is the units digit of f(r)?
4
Let f be (-3 - 3013/3)/((-6)/9). Let n = f - 902. What is the tens digit of n?
0
Let m(b) = 158*b**2 + 35*b + 510. What is the units digit of m(-9)?
3
Let q = 2 - 5. Let f(r) = -34*r + 38. What is the hundreds digit of f(q)?
1
Let g = 144 + -136. Suppose -5*h = g*h - 1638. What is the tens digit of h?
2
Let a(j) = j**3 - 3*j**2 - 9*j - 3. Suppose 4*v = 2*d + 24, -d + 6 + 2 = 2*v. Let h be a(v). Suppose -150 - 194 = -h*c. What is the hundreds digit of c?
1
Let c be ((-2835)/(-20) - -3) + 1/4. Let d = c - 80. Let v = 67 + d. What is the hundreds digit of v?
1
Let o = 20 + -15. Suppose 3*m + 6 = 0, 4*f - o*m + 14 - 1064 = 0. Let k = f - 173. What is the tens digit of k?
8
Suppose -8*l + 7*l = 2*c - 15331, -3*l + 46000 = -c. What is the thousands digit of l?
5
Let w(d) = 215*d + 38. Let v be w(3). Suppose -3*h + v = -y, 4*h + y - 1423 + 510 = 0. What is the units digit of h?
8
Su